{"id":2831,"date":"2021-06-05T16:14:05","date_gmt":"2021-06-05T19:14:05","guid":{"rendered":"https:\/\/iesarmstrong-cat.infd.edu.ar\/sitio\/?page_id=2831"},"modified":"2021-06-10T01:05:33","modified_gmt":"2021-06-10T04:05:33","slug":"cronograma-entrevista","status":"publish","type":"page","link":"https:\/\/iesarmstrong-cat.infd.edu.ar\/sitio\/cronograma-entrevista\/","title":{"rendered":"Cronograma &#8211; Entrevista"},"content":{"rendered":"<h6><em>* DETALLES DE ENTREVISTA AL PIE DE LA PAGINA.<\/em><\/h6>\n<h3 style=\"text-align: center;\"><strong>Fechas y Hora de Entrevistas<\/strong><\/h3>\n<p><img decoding=\"async\" loading=\"lazy\" class=\" wp-image-2885 aligncenter\" src=\"https:\/\/iesarmstrong-cat.infd.edu.ar\/sitio\/wp-content\/uploads\/2021\/06\/ENTREVISTA_1_D.png\" alt=\"\" width=\"779\" height=\"622\" \/><\/p>\n<p><img decoding=\"async\" loading=\"lazy\" class=\" wp-image-2884 aligncenter\" src=\"https:\/\/iesarmstrong-cat.infd.edu.ar\/sitio\/wp-content\/uploads\/2021\/06\/ENTREVISTA_2_B.png\" alt=\"\" width=\"783\" height=\"873\" \/><\/p>\n<p><img decoding=\"async\" loading=\"lazy\" class=\" wp-image-2861 aligncenter\" src=\"https:\/\/iesarmstrong-cat.infd.edu.ar\/sitio\/wp-content\/uploads\/2021\/06\/ENTREVISTA_3_b.png\" alt=\"\" width=\"780\" height=\"241\" \/><\/p>\n<p style=\"text-align: center;\">DETALLES DE LOS HORARIOS DE LAS ENTREVISTAS y LINK<\/p>\n<ul>\n<li><a href=\"https:\/\/iesarmstrong-cat.infd.edu.ar\/sitio\/wp-content\/uploads\/2021\/06\/DETALLES-DE-LOS-HORARIOS-DE-LAS-ENTREVISTAS-y-LINK-PROFESORADO-DE-INGL\u00c9S-PRIMER-CONCURSO-Actualizado-05_06_2021_.pdf\">PROFESORADO DE INGL\u00c9S &#8211; PRIMER CONCURSO -Actualizado 05_06_2021_<\/a><\/li>\n<li><a href=\"https:\/\/iesarmstrong-cat.infd.edu.ar\/sitio\/wp-content\/uploads\/2021\/06\/DETALLE-DE-HORARIO-DE-ENTREVISTA-\u2013-TEORIA-POLITICA-III-\u2013-PROFESORADO-SEC-EN-CS-POLITICA_.pdf\">TEORIA POLITICA III \u2013 PROFESORADO SEC EN CS POLITICA_<\/a><\/li>\n<li><a href=\"https:\/\/iesarmstrong-cat.infd.edu.ar\/sitio\/wp-content\/uploads\/2021\/06\/DETALLES-DE-LOS-HORARIOS-DE-LAS-ENTREVISTAS-y-LINK-HISTORIA-Y-EPISTEMOLOG\u00cdA-DE-LA-GEOGRAF\u00cdA-Profesorado-de-Educ.Sec_.en-Geografia-1.pdf\">HISTORIA Y EPISTEMOLOG\u00cdA DE LA GEOGRAF\u00cdA &#8211; Profesorado de Educ.Sec.en Geografia<\/a><\/li>\n<li><a href=\"https:\/\/iesarmstrong-cat.infd.edu.ar\/sitio\/wp-content\/uploads\/2021\/06\/DETALLES-DE-LOS-HORARIOS-DE-LAS-ENTREVISTAS-y-LINK-PROFESORADO-SEC.-FRANCES-PRACTICADE-LA-ENSE\u00d1ANZA-GENERALISTA.pdf\">PRACTICA DE LA ENSE\u00d1ANZA &#8211; GENERALISTA &#8211;\u00a0<\/a><a href=\"https:\/\/iesarmstrong-cat.infd.edu.ar\/sitio\/wp-content\/uploads\/2021\/06\/DETALLES-DE-LOS-HORARIOS-DE-LAS-ENTREVISTAS-y-LINK-PROFESORADO-SEC.-FRANCES-PRACTICADE-LA-ENSE\u00d1ANZA-GENERALISTA.pdf\">PROFESORADO SEC. FRANCES <\/a><\/li>\n<li><a href=\"https:\/\/iesarmstrong-cat.infd.edu.ar\/sitio\/wp-content\/uploads\/2021\/06\/DETALLES-DE-LOS-HORARIOS-DE-LAS-ENTREVISTAS-y-LINK-PSICOLOGIA-EDUCACIONAL-PROF_SEC_EN-FRANCES.pdf\">PSICOLOGIA EDUCACIONAL &#8211; PROF_SEC_EN FRANCES<\/a><\/li>\n<li><a href=\"https:\/\/iesarmstrong-cat.infd.edu.ar\/sitio\/wp-content\/uploads\/2021\/06\/DETALLES-DE-LOS-HORARIOS-DE-LAS-ENTREVISTAS-y-LINK-METODOLOGIA-DE-LA-INVESTIGACION-EN-CIENCIAS-SOCIALES-PCsP.pdf\">METODOLOGIA DE LA INVESTIGACION EN CIENCIAS SOCIALES &#8211; PROFESORADO Cs. POLITICA<\/a><\/li>\n<li><a href=\"https:\/\/iesarmstrong-cat.infd.edu.ar\/sitio\/wp-content\/uploads\/2021\/06\/DETALLES-DE-LOS-HORARIOS-DE-LAS-ENTREVISTAS-y-LINK-INTRODUCCION-A-LA-LITERATURA-PLyL.pdf\">INTRODUCCION A LA LITERATURA &#8211; PROF. LENGUA y LITERATURA<\/a><\/li>\n<li><a href=\"https:\/\/iesarmstrong-cat.infd.edu.ar\/sitio\/wp-content\/uploads\/2021\/06\/DETALLES-DE-LOS-HORARIOS-DE-LAS-ENTREVISTAS-y-LINK-LENGUA-Y-GRAMATICA-ESPA\u00d1OLA-I-Prof_Ingles.pdf\">LENGUA Y GRAMATICA ESPA\u00d1OLA I &#8211; PROFESORADO DE INGLES<\/a><\/li>\n<li><a href=\"https:\/\/iesarmstrong-cat.infd.edu.ar\/sitio\/wp-content\/uploads\/2021\/06\/DETALLES-DE-LOS-HORARIOS-DE-LAS-ENTREVISTAS-y-LINK-PROFESORADO-DE-INGL\u00c9S-PRACTICA-II-CURRICULUM-Y-PROGRAMACION-DE-LA-ENSE\u00d1ANZA.pdf\">PRACTICA II= CURRICULUM Y PROGRAMACION DE LA ENSE\u00d1ANZA &#8211;\u00a0<\/a><a href=\"https:\/\/iesarmstrong-cat.infd.edu.ar\/sitio\/wp-content\/uploads\/2021\/06\/DETALLES-DE-LOS-HORARIOS-DE-LAS-ENTREVISTAS-y-LINK-PROFESORADO-DE-INGL\u00c9S-PRACTICA-II-CURRICULUM-Y-PROGRAMACION-DE-LA-ENSE\u00d1ANZA.pdf\">\u00a0PROFESORADO DE INGL\u00c9S<\/a><\/li>\n<\/ul>\n","protected":false},"excerpt":{"rendered":"<p>* DETALLES DE ENTREVISTA AL PIE DE LA PAGINA. Fechas y Hora de Entrevistas DETALLES DE LOS HORARIOS DE LAS ENTREVISTAS y LINK PROFESORADO DE INGL\u00c9S &#8211; PRIMER CONCURSO -Actualizado 05_06_2021_ TEORIA POLITICA III \u2013 PROFESORADO SEC EN CS POLITICA_ HISTORIA Y EPISTEMOLOG\u00cdA DE LA GEOGRAF\u00cdA &#8211; Profesorado de Educ.Sec.en Geografia PRACTICA DE LA ENSE\u00d1ANZA &#8230; <a title=\"Cronograma &#8211; Entrevista\" class=\"read-more\" href=\"https:\/\/iesarmstrong-cat.infd.edu.ar\/sitio\/cronograma-entrevista\/\" aria-label=\"More on Cronograma &#8211; Entrevista\">[+]<\/a><\/p>\n","protected":false},"author":3125,"featured_media":0,"parent":0,"menu_order":0,"comment_status":"closed","ping_status":"closed","template":"","meta":[],"acf":[],"_links":{"self":[{"href":"https:\/\/iesarmstrong-cat.infd.edu.ar\/sitio\/wp-json\/wp\/v2\/pages\/2831"}],"collection":[{"href":"https:\/\/iesarmstrong-cat.infd.edu.ar\/sitio\/wp-json\/wp\/v2\/pages"}],"about":[{"href":"https:\/\/iesarmstrong-cat.infd.edu.ar\/sitio\/wp-json\/wp\/v2\/types\/page"}],"author":[{"embeddable":true,"href":"https:\/\/iesarmstrong-cat.infd.edu.ar\/sitio\/wp-json\/wp\/v2\/users\/3125"}],"replies":[{"embeddable":true,"href":"https:\/\/iesarmstrong-cat.infd.edu.ar\/sitio\/wp-json\/wp\/v2\/comments?post=2831"}],"version-history":[{"count":27,"href":"https:\/\/iesarmstrong-cat.infd.edu.ar\/sitio\/wp-json\/wp\/v2\/pages\/2831\/revisions"}],"predecessor-version":[{"id":2900,"href":"https:\/\/iesarmstrong-cat.infd.edu.ar\/sitio\/wp-json\/wp\/v2\/pages\/2831\/revisions\/2900"}],"wp:attachment":[{"href":"https:\/\/iesarmstrong-cat.infd.edu.ar\/sitio\/wp-json\/wp\/v2\/media?parent=2831"}],"curies":[{"name":"wp","href":"https:\/\/api.w.org\/{rel}","templated":true}]}}

<h6><em>* DETALLES DE ENTREVISTA AL PIE DE LA PAGINA.</em></h6>
<h3 style="text-align: center;"><strong>Fechas y Hora de Entrevistas</strong></h3>
<p><img decoding="async" loading="lazy" class=" wp-image-2885 aligncenter" src="https://iesarmstrong-cat.infd.edu.ar/sitio/wp-content/uploads/2021/06/ENTREVISTA_1_D.png" alt="" width="779" height="622" /></p>
<p><img decoding="async" loading="lazy" class=" wp-image-2884 aligncenter" src="https://iesarmstrong-cat.infd.edu.ar/sitio/wp-content/uploads/2021/06/ENTREVISTA_2_B.png" alt="" width="783" height="873" /></p>
<p><img decoding="async" loading="lazy" class=" wp-image-2861 aligncenter" src="https://iesarmstrong-cat.infd.edu.ar/sitio/wp-content/uploads/2021/06/ENTREVISTA_3_b.png" alt="" width="780" height="241" /></p>
<p style="text-align: center;">DETALLES DE LOS HORARIOS DE LAS ENTREVISTAS y LINK</p>
<ul>
<li><a href="https://iesarmstrong-cat.infd.edu.ar/sitio/wp-content/uploads/2021/06/DETALLES-DE-LOS-HORARIOS-DE-LAS-ENTREVISTAS-y-LINK-PROFESORADO-DE-INGLÉS-PRIMER-CONCURSO-Actualizado-05_06_2021_.pdf">PROFESORADO DE INGLÉS &#8211; PRIMER CONCURSO -Actualizado 05_06_2021_</a></li>
<li><a href="https://iesarmstrong-cat.infd.edu.ar/sitio/wp-content/uploads/2021/06/DETALLE-DE-HORARIO-DE-ENTREVISTA-–-TEORIA-POLITICA-III-–-PROFESORADO-SEC-EN-CS-POLITICA_.pdf">TEORIA POLITICA III – PROFESORADO SEC EN CS POLITICA_</a></li>
<li><a href="https://iesarmstrong-cat.infd.edu.ar/sitio/wp-content/uploads/2021/06/DETALLES-DE-LOS-HORARIOS-DE-LAS-ENTREVISTAS-y-LINK-HISTORIA-Y-EPISTEMOLOGÍA-DE-LA-GEOGRAFÍA-Profesorado-de-Educ.Sec_.en-Geografia-1.pdf">HISTORIA Y EPISTEMOLOGÍA DE LA GEOGRAFÍA &#8211; Profesorado de Educ.Sec.en Geografia</a></li>
<li><a href="https://iesarmstrong-cat.infd.edu.ar/sitio/wp-content/uploads/2021/06/DETALLES-DE-LOS-HORARIOS-DE-LAS-ENTREVISTAS-y-LINK-PROFESORADO-SEC.-FRANCES-PRACTICADE-LA-ENSEÑANZA-GENERALISTA.pdf">PRACTICA DE LA ENSEÑANZA &#8211; GENERALISTA &#8211; </a><a href="https://iesarmstrong-cat.infd.edu.ar/sitio/wp-content/uploads/2021/06/DETALLES-DE-LOS-HORARIOS-DE-LAS-ENTREVISTAS-y-LINK-PROFESORADO-SEC.-FRANCES-PRACTICADE-LA-ENSEÑANZA-GENERALISTA.pdf">PROFESORADO SEC. FRANCES </a></li>
<li><a href="https://iesarmstrong-cat.infd.edu.ar/sitio/wp-content/uploads/2021/06/DETALLES-DE-LOS-HORARIOS-DE-LAS-ENTREVISTAS-y-LINK-PSICOLOGIA-EDUCACIONAL-PROF_SEC_EN-FRANCES.pdf">PSICOLOGIA EDUCACIONAL &#8211; PROF_SEC_EN FRANCES</a></li>
<li><a href="https://iesarmstrong-cat.infd.edu.ar/sitio/wp-content/uploads/2021/06/DETALLES-DE-LOS-HORARIOS-DE-LAS-ENTREVISTAS-y-LINK-METODOLOGIA-DE-LA-INVESTIGACION-EN-CIENCIAS-SOCIALES-PCsP.pdf">METODOLOGIA DE LA INVESTIGACION EN CIENCIAS SOCIALES &#8211; PROFESORADO Cs. POLITICA</a></li>
<li><a href="https://iesarmstrong-cat.infd.edu.ar/sitio/wp-content/uploads/2021/06/DETALLES-DE-LOS-HORARIOS-DE-LAS-ENTREVISTAS-y-LINK-INTRODUCCION-A-LA-LITERATURA-PLyL.pdf">INTRODUCCION A LA LITERATURA &#8211; PROF. LENGUA y LITERATURA</a></li>
<li><a href="https://iesarmstrong-cat.infd.edu.ar/sitio/wp-content/uploads/2021/06/DETALLES-DE-LOS-HORARIOS-DE-LAS-ENTREVISTAS-y-LINK-LENGUA-Y-GRAMATICA-ESPAÑOLA-I-Prof_Ingles.pdf">LENGUA Y GRAMATICA ESPAÑOLA I &#8211; PROFESORADO DE INGLES</a></li>
<li><a href="https://iesarmstrong-cat.infd.edu.ar/sitio/wp-content/uploads/2021/06/DETALLES-DE-LOS-HORARIOS-DE-LAS-ENTREVISTAS-y-LINK-PROFESORADO-DE-INGLÉS-PRACTICA-II-CURRICULUM-Y-PROGRAMACION-DE-LA-ENSEÑANZA.pdf">PRACTICA II= CURRICULUM Y PROGRAMACION DE LA ENSEÑANZA &#8211; </a><a href="https://iesarmstrong-cat.infd.edu.ar/sitio/wp-content/uploads/2021/06/DETALLES-DE-LOS-HORARIOS-DE-LAS-ENTREVISTAS-y-LINK-PROFESORADO-DE-INGLÉS-PRACTICA-II-CURRICULUM-Y-PROGRAMACION-DE-LA-ENSEÑANZA.pdf"> PROFESORADO DE INGLÉS</a></li>
</ul>

<p>* DETALLES DE ENTREVISTA AL PIE DE LA PAGINA. Fechas y Hora de Entrevistas DETALLES DE LOS HORARIOS DE LAS ENTREVISTAS y LINK PROFESORADO DE INGLÉS &#8211; PRIMER CONCURSO -Actualizado 05_06_2021_ TEORIA POLITICA III – PROFESORADO SEC EN CS POLITICA_ HISTORIA Y EPISTEMOLOGÍA DE LA GEOGRAFÍA &#8211; Profesorado de Educ.Sec.en Geografia PRACTICA DE LA ENSEÑANZA &#8230; <a title="Cronograma &#8211; Entrevista" class="read-more" href="https://iesarmstrong-cat.infd.edu.ar/sitio/cronograma-entrevista/" aria-label="More on Cronograma &#8211; Entrevista">[+]</a></p>
